Determine w(17).
7
Let x(j) = -j**3 + 40*j**2 + 2*j - 87. What is x(40)?
-7
Let g(w) = -w - 13. What is g(-10)?
-3
Let u(y) = y**3 - 4*y**2 - 6*y - 7. Calculate u(-3).
-52
Let m(j) = -j**2 - 23*j - 41. Determine m(-20).
19
Let o(d) = -32*d - 26. What is o(-1)?
6
Let l(c) = -c**2 + 28*c - 162. Determine l(8).
-2
Let x(r) = -r**2 - 6*r + 30. Calculate x(6).
-42
Let b(f) = f**3 + 73*f**2 - 231*f - 225. What is b(-76)?
3
Let m(h) = h**3 + 4*h**2 - 31*h - 130. Determine m(-4).
-6
Let u(d) = d**2 + 12*d - 366. Calculate u(-26).
-2
Let n(g) = -g**2 + 6*g + 30. Calculate n(9).
3
Let h(a) = 2*a**2 - 99*a + 122. Calculate h(48).
-22
Let f(a) = 2*a + 61. Give f(-14).
33
Let i(w) = -w**3 + 3*w**2 + 4*w - 1. Determine i(4).
-1
Let l(y) = 117*y + 925. Give l(-8).
-11
Let w(o) = 34*o**3 + 2*o**2 - o. What is w(1)?
35
Let d(l) = l**3 - 5*l**2 - 4*l + 2. Calculate d(3).
-28
Let v(n) = n**3 + 6*n**2 - 11*n - 8. Determine v(-8).
-48
Let p(m) = -m**3 + 21*m + 9. Calculate p(5).
-11
Let g(a) = -a**2 + 18*a + 116. What is g(-5)?
1
Let q(k) = -21*k - 3. Determine q(-1).
18
Let j(a) = -a**3 + 5*a**2 - a - 5. What is j(4)?
7
Let c(b) = -3*b + 17. Calculate c(6).
-1
Let c(k) = k**2 - 35*k - 156. Calculate c(39).
0
Let a(c) = -c**2 - 5*c - 2. Determine a(-3).
4
Let u(h) = -h**3 + 3*h**2 - h + 1. What is u(3)?
-2
Let s(j) = -2*j**2 + 15*j - 9. Calculate s(0).
-9
Let v(l) = -l**2 - 5*l + 4. Calculate v(1).
-2
Let f(j) = -14*j + 26. Calculate f(2).
-2
Let i(x) = 3*x + 23. Give i(-3).
14
Let r(u) = -u**3 + 7*u**2 + 2*u - 17. Give r(7).
-3
Let n(j) = -17*j + 238. What is n(14)?
0
Let p(b) = b**2 + 42*b + 368. Calculate p(-29).
-9
Let x(i) = -i**3 - 11*i**2 + 12*i + 7. Determine x(-12).
7
Let m(h) = -h**3 + 5*h**2 - 8*h + 1. What is m(5)?
-39
Let a(d) = d**3 + 12*d**2 - 44*d + 13. Calculate a(-15).
-2
Let i(p) = -16*p + 42. Give i(3).
-6
Let i(n) = n**2 + 1. Give i(-3).
10
Let s(h) = -31*h**2 + 3*h - 1. Determine s(-2).
-131
Let g(x) = x - 3. Give g(2).
-1
Let m(y) = -y**3 + 7*y**2 - y + 11. Calculate m(7).
4
Let v(c) = c**2 + 8*c + 10. Calculate v(-9).
19
Let u(m) = -13*m - 177. Calculate u(-15).
18
Let z(i) = -i**3 - 7*i**2 - 4*i + 3. Calculate z(-6).
-9
Let d(f) = f**3 + 15*f**2 + 15*f + 25. Calculate d(-14).
11
Let z(y) = y**3 - 7*y**2 + 5*y + 2. Calculate z(6).
-4
Let j(l) = l + 39. Calculate j(0).
39
Let z(x) = 4*x**2 - 2*x - 2. Determine z(-2).
18
Let i(r) = r**2 + 10*r + 20. Determine i(-4).
-4
Let v(l) = -2*l**3 - 12*l**2 - 7*l + 13. Give v(-5).
-2
Let q(t) = -10*t**2 - t + 1. What is q(-2)?
-37
Let l(c) = -10*c + 13. Calculate l(4).
-27
Let j(w) = 7*w + 72. Give j(-10).
2
Let b(x) = -x**2 + 5*x + 5. Determine b(6).
-1
Let s(v) = -v**3 - 12*v**2 - 2. Give s(-12).
-2
Let q(p) = -p**2 + 13*p + 18. What is q(14)?
4
Let d(x) = x**2 + 40*x - 86. Calculate d(-43).
43
Let d(k) = k**3 - k**2 - 1. Give d(2).
3
Let d(t) = -t**3 - 13*t**2 + 14*t - 1. Give d(-14).
-1
Let b(a) = -2*a**3 - 2*a**2 + a - 6. What is b(-3)?
27
Let h(b) = -b**3 + 12*b**2 - 35*b + 13. Calculate h(8).
-11
Let p(r) = -7*r + 10. What is p(4)?
-18
Let h(j) = j - 2. Give h(4).
2
Let q(d) = -9*d - 7. What is q(4)?
-43
Let r(z) = -10*z + 13. Determine r(7).
-57
Let v(q) = -19*q**3 + q. Give v(-1).
18
Let t(r) = -4*r + 5. Determine t(4).
-11
Let o(u) = -7*u - 41. Determine o(-5).
-6
Let r(c) = 2*c**2 + c. Determine r(5).
55
Let a(c) = -5*c - 10. Calculate a(-12).
50
Let a(g) = -g**3 - 10*g**2 + 11*g - 1. Calculate a(-11).
-1
Let b(f) = f**2 - f + 3. Calculate b(-2).
9
Let z(v) = -13*v**2 - 3*v. What is z(-2)?
-46
Let z(m) = m + 8. Determine z(7).
15
Let v(d) = 2*d**2 - 19*d - 6. Give v(10).
4
Let d(c) = -5*c - 16. What is d(0)?
-16
Let u(x) = -11*x - 24. Calculate u(-11).
97
Let s(v) = -v**2 - 11*v - 3. What is s(-5)?
27
Let w(r) = 3*r**3 + 16*r**2 - r + 4. Determine w(-5).
34
Let v(h) = h**3 - 9*h**2 + 3*h + 6. Give v(8).
-34
Let z(c) = -c**3 - 5*c**2 - 5*c + 9. Determine z(-5).
34
Let z(c) = -c**3 - 4*c**2 - c. Calculate z(-3).
-6
Let z(q) = 16*q - 115. Give z(7).
-3
Let l(y) = 2*y**3 - 4*y**2 + y + 2. What is l(2)?
4
Let m(d) = -2*d**2 - 14*d - 8. What is m(-9)?
-44
Let r(w) = w + 1. Calculate r(-11).
-10
Let c(t) = t**2 + 5*t - 3. Calculate c(-2).
-9
Let k(a) = a**2 - a. Determine k(3).
6
Let g(o) = -8*o + 34. Give g(5).
-6
Let d(f) = f**3 + 13*f**2 - 7*f + 13. Determine d(-13).
104
Let m(j) = -j**3 - 2*j**2 + 6*j + 4. Calculate m(-3).
-5
Let o(v) = -3*v + 5. What is o(8)?
-19
Let s(x) = -x**2 - 20*x - 74. Determine s(-5).
1
Let c(w) = 5*w - 3. Determine c(-3).
-18
Let x(s) = 6*s + 15. What is x(-16)?
-81
Let a(t) = -t - 2. Determine a(-3).
1
Let l(x) = 3*x + 7. Calculate l(-4).
-5
Let g(z) = -z**3 - 8*z**2 - 13*z + 8. Calculate g(-6).
14
Let g(h) = -16*h - 127. Determine g(-7).
-15
Let w(x) = 67*x - 53. Determine w(1).
14
Let p(h) = h**3 - 5*h**2 - 2. Calculate p(5).
-2
Let a(i) = -2*i**2 - i + 1. Give a(3).
-20
Let k(z) = z + 6. Give k(-5).
1
Let c(d) = d**3 + 8*d**2 + 2. Give c(-5).
77
Let l(d) = 4*d**2 - 24*d + 3. Give l(6).
3
Let o(a) = -a**3 - 8*a**2 - 11*a + 2. What is o(-7)?
30
Let k(s) = -s**3 + 5*s**2 + 7*s - 2. Give k(6).
4
Let i(b) = 18*b + 223. Calculate i(-13).
-11
Let d(q) = -3*q**2 + q + 1. Give d(3).
-23
Let m(j) = 54*j + 325. Determine m(-6).
1
Let p(v) = v**2 - 5*v - 11. Give p(5).
-11
Let f(k) = k**3 + 3*k**2 - 2. Calculate f(-3).
-2
Let n(s) = -10*s - 2. Determine n(1).
-12
Let m(x) = -4*x + 2. Calculate m(-7).
30
Let x(d) = 2*d - 8. Give x(9).
10
Let x(z) = 2*z - 28. Give x(23).
18
Let c(h) = -h**3 - 14*h**2 - 45*h + 6. Calculate c(-9).
6
Let x(f) = -f + 18. Calculate x(18).
0
Let l(u) = 9*u + 7. Give l(-3).
-20
Let d(y) = y**3 + 10*y**2 + 7*y - 9. Calculate d(-9).
9
Let c(h) = -h - 3. Give c(-6).
3
Let q(s) = -4*s + 35. Give q(12).
-13
Let h(o) = 2*o**3 - 4*o**2 - 2*o + 2. Give h(4).
58
Let k(b) = 2*b**2 + 3*b + 10. Calculate k(0).
10
Let m(j) = 5*j + 33. Determine m(-6).
3
Let o(r) = 6*r - 16. Give o(7).
26
Let x(i) = 3*i - 10. Calculate x(4).
2
Let z(d) = 2*d**3 + 28*d**2 + 50*d + 23. What is z(-12)?
-1
Let f(d) = 10*d - 55. Determine f(5).
-5
Let l(j) = j**3 - 6*j**2 + 6*j - 9. What is l(6)?
27
Let f(z) = -z**3 + 9*z**2 - z + 2. Give f(9).
-7
Let v(t) = -t**2 - 4*t + 22. Give v(-7).
1
Let o(k) = 4*k**2 + 25*k - 87. Calculate o(4).
77
Let s(i) = -5*i - 1. Calculate s(7).
-36
Let r(s) = -17*s - 55. What is r(-5)?
30
Let u(d) = -d**2 + 10*d - 4. Determine u(8).
12
Let y(t) = 7*t + 4. Give y(3).
25
Let p(v) = 2*v + 12. Give p(-3).
6
Let g(w) = w**3 + 5*w**2 + 6*w. What is g(-5)?
-30
Let t(r) = -r**2 + 28*r - 24. Determine t(27).
3
Let t(z) = 2*z**2 - z - 3. Calculate t(3).
12
Let h(a) = -a**3 - 4*a**2 - 2*a - 6. Calculate h(-3).
-9
Let a(b) = 2*b + 18. Determine a(-2).
14
Let d(h) = h**3 + 16*h**2 + 17*h + 37. Give d(-15).
7
Let d(v) = -v**3 - 28*v**2 - 93*v + 74. Calculate d(-24).
2
Let z(t) = 2*t**3 - 2*t**2 - 4*t - 9. Give z(-3).
-69
Let f(z) = z**3 + 14*z**2 - 15*z + 2. Determine f(-15).
2
Let f(t) = -4*t**2 - t + 6. Give f(-2).
-8
Let y(l) = -l**3 + 6*l**2 + l + 8. Calculate y(6).
14
Let u(o) = o**3 + 12*o**2 + 8*o - 4. Calculate u(-11).
29
Let d(a) = a**2 - 10*a - 11. Calculate d(12).
13
Let v(t) = -2*t**3 - 13*t**2 - 5*t + 10. What is v(-6)?
4
Let k(y) = y**3 + 6*y**2 + 3*y - 3. What is k(-5)?
7
Let o(h) = h**3 - 5*h**2 - 7*h + 3. Determine o(7).
52
Let r(n) = 2*n**2 + 51*n - 384. Determine r(6).
-6
Let p(u) = u**2 + 7*u - 102. What is p(7)?
-4
Let p(x) = x**2 - 52*x + 6. Give p(52).
6
Let g(c) = c + 10. What is g(-9)?
1
Let p(y) = 7*y + 8. What is p(-6)?
-34
Let a(y) = y**3 - 10*y**2 + 2*y - 2. Give a(10).
18
Let t(z) = 4*z**2 + 9*z - 17. Give t(4).
83
Let z(p) = -3*p**3 + 2*p**2 - 4*p - 9. Determine z(-2).
31
Let z(o) = -o**3 + 10*o**2 - 13*o. Determine z(3).
24
Let u(a) = a**2 + 11*a + 3. Give u(-11).
3
Let r(v) = v**2 - 18*v - 31. What is r(20)?
9
Let v(t) = 2*t**2 - 2*t + 2. Give v(2).
6
Let b(l) = l**2 - 24*l + 20. Calculate b(23).
-3
Let i(t) = -6*t + 1. What is i(4)?
-23
Let t(c) = c**3 + 5*c**2 - 5*c + 4. Determine t(-6).
-2
Let w(v) = -4*v - 6. What is w(-3)?
6
Let y(l) = -4*l**2 - l + 3. Determine y(2).
-15
Let f(a) = 7*a**2 - 2*a + 2. Determine f(2).
26
Let i(z) = z**3 - 6*z**2 - 19*z + 2. Give i(8).
-22
Let y(u) = 2*u**2 + u + 1. Give y(-2).
7
Let u(o) = -o**2 